*x + 4*x + 114. What is the greatest common factor of x and 152?
19
Suppose 0 = 5*h + 5*b - 850, -4*h = -2*h + 4*b - 344. Suppose -2*r = 3 - 17. Let l be 149/r - (-8)/(-28). Calculate the highest common divisor of h and l.
21
Suppose -2*t = 2*w - 3930, -3*w - 81*t = -76*t - 5903. What is the highest common factor of w and 148?
37
Suppose 16*q + 53 = 4*o + 17*q, 54 = 4*o + 2*q. Let l be ((-17920)/(-15))/4 + (-2)/(-6). Calculate the highest common factor of o and l.
13
Let t = 10662 + -10577. Calculate the greatest common divisor of t and 1751.
17
Let t be 11050/(-14) + 46/161. Let s = -782 - t. Calculate the greatest common divisor of 91 and s.
7
Let x(a) = -a**2 - 97*a - 777. Let f be x(-9). What is the greatest common factor of 3345 and f?
15
Let u be (18/(-4))/((-156)/104). Suppose 81 = u*s - 216. What is the highest common factor of s and 132?
33
Suppose -g - 5*d = -6, 5*g + 5*d = 2*d + 162. What is the highest common factor of g and 816?
12
Let k = 418 + -413. Suppose k*o - 8*o + 207 = 0. What is the highest common divisor of o and 23?
23
Let m be 3/(-60)*-4 - 1094/(-5). Let f = -185 + m. What is the greatest common divisor of 323 and f?
17
Suppose 0 = -5*q - q + 24. Let v be ((-4)/10 + q)*-5. Let n = 20 + v. Calculate the highest common divisor of n and 6.
2
Suppose -42*j + 31*j - 1125 = -26*j. Let z be (2/(-4))/((-1)/60). Calculate the highest common factor of j and z.
15
Let p(v) = -9*v - 16. Let k(a) = -8*a - 16. Let r(m) = -4*k(m) + 3*p(m). Let d be r(-5). Let y = 0 - d. What is the highest common factor of y and 36?
9
Let c = 6992 - 6191. Calculate the highest common factor of c and 18.
9
Let c(a) = -2*a**3 - 28*a**2 + 3*a + 20. Let j(s) = 2. Let o(w) = -c(w) - 4*j(w). Let l be o(-14). What is the highest common divisor of 1246 and l?
14
Let q = 9446 + -8409. Calculate the highest common divisor of 221 and q.
17
Suppose 3*p = -4*b + 73, 3*p + 0*p + 5*b = 68. Let d = -1 + p. Calculate the highest common factor of 135 and d.
15
Let z = -6522 - -6922. Let q(h) = h**2 + 2*h + 1. Let d be q(4). What is the greatest common divisor of z and d?
25
Suppose -3*k + 259 = 262, -25938 = -5*u + 3*k. Calculate the highest common factor of u and 78.
39
Let p(n) = n**2 - 2418*n + 24085. Let h be p(10). Calculate the highest common divisor of 6035 and h.
5
Suppose -200*j + 899 = -1501. Suppose -5*u + 8 = -3*u, -c = u - 24. What is the highest common factor of c and j?
4
Suppose -603 = -3*w - s, 5*w + s = 48 + 959. Let y = w + -167. What is the greatest common factor of y and 10?
5
Let x be 325/6 + ((-34)/96 - 648/(-3456)). What is the greatest common factor of 17307 and x?
27
Suppose 3*j = 3*r + 819, -r + 511 = 2*j - 44. What is the highest common divisor of j and 115?
23
Let y(n) = -5*n**3 - 5*n**2 - 3*n + 3. Let o(q) = 3*q**2 + 14*q + 13. Let g be o(-2). Let p be y(g). What is the highest common divisor of p and 30?
6
Let k be (-1 - -4)/((44/140)/11). What is the greatest common divisor of k and 1185?
15
Let p be ((-168)/(-4))/(-7)*460/(-30). Suppose 5 - 25 = -5*t. What is the greatest common divisor of t and p?
4
Let j(b) = -b**2 - 116*b - 2953. Let z be j(-78). What is the highest common factor of 737 and z?
11
Let k be (65/(-39))/(190/96 - 2). Let n be 12*(-5)/(k/(-72)). Calculate the highest common factor of n and 10.
2
Let g = 10936 + -10934. Calculate the greatest common divisor of 2239 and g.
1
Let v be (-45)/10*(-294)/63. Calculate the greatest common divisor of v and 1099.
7
Suppose -10*f = -11*f, 3*f - 9144 = -3*y. What is the greatest common divisor of 24 and y?
24
Let n be ((-27)/6)/((-6)/(-357)*33/(-176)). Calculate the highest common divisor of n and 336.
84
Let w(c) = -8*c**2 - 297 + 3*c**2 + c**3 - 6*c + 307 - 4*c**2. Let v be w(10). Calculate the greatest common divisor of 350 and v.
50
Let x(s) = -57*s - 11. Let p be x(-7). Let y = 605 - p. Calculate the greatest common divisor of 62 and y.
31
Let n = -118 + 187. Let h = n - 67. Suppose 0 = -t + h*w + 34 + 12, 5*w = -2*t + 47. Calculate the highest common divisor of t and 18.
18
Suppose -2*j + 6*j = 5*z - 126, -4*j - 104 = -4*z. Suppose z = -4*l + 462. What is the greatest common divisor of l and 10?
10
Suppose -4*o - 3 + 23 = 4*x, -5*o + 25 = -3*x. Suppose o*i - 2*w - 448 = 0, 3*i + 3*w - 266 = 7*w. What is the greatest common factor of i and 234?
18
Let p(c) = c - 1. Let b(g) = 6*g + 23. Let d(w) = b(w) - 4*p(w). Suppose 10 = -3*l - 14. Let m be d(l). Calculate the greatest common factor of m and 121.
11
Let f = 266 + -266. Suppose 19*r - 2138 - 1985 = f. What is the highest common factor of r and 7?
7
Let i = 32 - 25. Suppose -4*d = w - 7*d - 175, -w + 2*d = -175. Calculate the greatest common divisor of w and i.
7
Suppose -2*t + 4*t - 4*a = 22, 3*t + 5*a = 11. Let h be t/((-25)/10 + 2). Let c be (-248)/h + 18/63. What is the highest common divisor of c and 126?
18
Let r be ((-15)/5)/((-15)/10). Suppose 3*v = -2*i + 5*v + 514, -r*i + 504 = 3*v. Calculate the highest common divisor of 30 and i.
15
Let i = -362 - -534. Suppose 0 = 123*m - 134*m + 44. What is the greatest common factor of i and m?
4
Suppose 0 = -50*h + 49*h + 4. Suppose 3*x - 371 = -4*z, 0*z + h*z - 113 = -x. What is the greatest common factor of 43 and x?
43
Let r(x) = 11*x - 51. Let s be r(5). Suppose -2*w + 410 = s*n, 8*w + 526 = 5*n + 6*w. Calculate the greatest common factor of 4 and n.
4
Suppose 0 = -0*a + 6*a - 504. Suppose -4*y + y + 9 = 0, -4*y + a = 4*q. Calculate the greatest common factor of 207 and q.
9
Let a = -381 - -421. Suppose -3*g + 33 = -4*r + 1388, -g - 439 = 5*r. Let f = g + 649. Calculate the highest common factor of f and a.
40
Let q(f) be the second derivative of 29*f**4/12 - f**2/2 + 3*f. Let k be q(-1). Suppose -10*x = -712 - 2368. What is the greatest common divisor of k and x?
28
Let r be (-759184)/(-644) - ((-72)/21)/3. Let y(j) = -9*j - 4. Let u be y(-7). What is the highest common factor of u and r?
59
Let t be ((-83)/1)/(11/33). Let f = -149 - t. What is the highest common factor of 25 and f?
25
Let z be 63/(0 + 1)*4587/1251. What is the greatest common divisor of z and 594?
33
Suppose 21*u - 4282 = 6134. Calculate the greatest common factor of 775 and u.
31
Let z(o) = -o**3 - 5*o**2 + 4. Let d be z(-5). Let c be (-1)/((-6)/54) + 5. Calculate the highest common divisor of c and d.
2
Let y(a) = 36*a**2 - 72*a - 181. Let v be y(18). Calculate the highest common divisor of v and 668.
167
Let b = 416 - 420. Let u = b + 194. What is the greatest common factor of 10 and u?
10
Let j(m) = -60*m - 150. Let i be j(-12). Let q be ((-21)/(-63))/(2/i) - 4. What is the greatest common divisor of 65 and q?
13
Let m(p) = -18*p**2 - 4. Let z be m(-2). Let b = 93 + z. Calculate the greatest common divisor of b and 799.
17
Let o(n) = 11*n - 68. Let j be o(13). Let k be (j/5)/3 - -61. What is the greatest common divisor of k and 132?
66
Suppose a + 194 = -2*b + 4*b, -b + 88 = 4*a. Suppose 0 = -5*f + 16*i + 368, f - 43 = 2*i + 27. Calculate the highest common factor of f and b.
32
Let o(d) = d**3 + 14*d**2 - 5*d - 41. Let j = -123 - -143. Let c be 110/(-8) - -5*(-1)/j. Let a be o(c). What is the greatest common divisor of 29 and a?
29
Let s be -3 - (18/(-5))/(1/(-35)). Let f = -3 - s. What is the highest common divisor of 54 and f?
18
Suppose 3*p = -24*d + 12641 + 6139, 25195 = 4*p + d. What is the highest common factor of p and 693?
63
Suppose -6*h + 638 = -790. Let u = -60 - -74. Calculate the highest common divisor of h and u.
14
Let b = -2854 + 3074. What is the highest common divisor of 60 and b?
20
Suppose 3*r = 7*g - 195, 4*r = 4*g + 9*r - 98. What is the greatest common factor of 999 and g?
27
Let m(l) = 44*l**2 - 171*l + 84*l + 84*l - 58. Let d be m(6). What is the greatest common factor of 52 and d?
52
Suppose 97*n - 126 = 90*n. Let i(y) = 42*y - 4. Let f be i(n). Calculate the greatest common factor of 16 and f.
16
Suppose 4*j + 3*d = 14368 - 1856, -8 = -2*d. What is the highest common factor of 25 and j?
25
Suppose 28 = -20*y + 868. Suppose -193 = -2*q + 185. Calculate the highest common factor of q and y.
21
Let g = -58 + 67. Let h be 18 + g/6*6/9. Suppose 260 = -15*b + h*b. What is the highest common factor of 13 and b?
13
Let f = 9890 - -7148. Calculate the greatest common factor of 